igit of x?
9
Suppose 8*x = 5*x + 30. Let v = -9 + x. What is the units digit of (2 - 1)*v - -1?
2
Suppose -2*x - 2*z = -0*x - 2452, 3*z = x - 1246. What is the tens digit of x?
3
Let x = 1 - 0. Suppose -38 = -6*v - 56. What is the units digit of (v + 2)*(-23)/x?
3
Suppose 2*u + 3*l - 2318 = 0, 4*u + 34*l = 33*l + 4636. What is the thousands digit of u?
1
Let q(v) = 4 + 5*v**3 + 6*v - 21*v**3 - 8*v**2 + 15*v**3. Let u = -3 - 6. What is the tens digit of q(u)?
3
Suppose -30*y + 84569 = -20161. What is the thousands digit of y?
3
Let x be 6/(-4) + 27/18. Suppose x = 4*h + 16. What is the units digit of ((-6)/h)/((-3)/(-54))?
7
What is the thousands digit of (1199 - 1)/(35/70)?
2
Let z = -494 - -911. What is the tens digit of z?
1
Let c(t) = 4*t**3 - 26*t**2 - 15*t - 6. What is the tens digit of c(8)?
5
Let f be (-22)/(1*(-4 - -2)). Let t = f + -22. Let x = t + 39. What is the units digit of x?
8
Let l be 6/(-14) + (-34)/(-14). Suppose -103 - 397 = l*p. What is the units digit of 16/(-10)*p/20?
0
Let u = -24 + 126. What is the units digit of u?
2
Let u(n) = -5*n + 13. Let o(y) = -y. Let c(z) = -6*o(z) + u(z). Let j be c(6). What is the tens digit of 3*(-1 + j)/3?
1
Suppose 0 = -m - 3*u + 11, 3*m + 2*u + 3 - 15 = 0. Suppose 5*j = 3*r + 84, 5*j = -m*r - 3*r + 60. What is the units digit of j?
5
Suppose -4*s - 4*s + 4696 = 0. What is the units digit of s/6 - 5/(-30)?
8
Let b(l) = -l**2 - 12*l - 18. Let d be b(-8). Let o(n) = -n**3 + 16*n**2 - 24*n - 20. What is the tens digit of o(d)?
3
Let g be 19*2*(-1 + (-7)/2). What is the tens digit of g/76*296/(-3)?
2
Suppose 4*o + 0*o + 316 = 0. Let c = o - -124. Suppose -c = -3*y + 6. What is the units digit of y?
7
Let j(f) = -11*f + 512. What is the tens digit of j(-34)?
8
Let x(u) be the first derivative of -u**2/2 + 5*u - 5. Let j be x(3). What is the units digit of (-7)/(-7) - (j + -38)?
7
Let r(x) = -x**3 - 7*x**2 + 13. What is the hundreds digit of r(-10)?
3
Let s(f) = f**3 + 7*f**2 + 4*f - 2. Let v be s(-6). Let y be 190/(-25) - 4/v. Let q = -2 - y. What is the units digit of q?
6
Let s(v) = 107*v + 125. What is the thousands digit of s(14)?
1
Suppose -400 = 5*h - 4*p - 1255, -4*h = -p - 695. What is the tens digit of h?
7
Let q = -433 + 740. Suppose -q - 333 = -4*n. Suppose 8*r = 13*r - n. What is the tens digit of r?
3
Let z be (-44)/(-20) + -3 - 18996/(-20). Suppose 0 = j - 4 + 5. What is the tens digit of (z/26)/(j/(-2))?
7
Let x(a) = -a**3 - 4*a**2 + 39*a + 8. What is the units digit of x(-12)?
2
What is the units digit of -1*(-4)/((-24)/(-66))?
1
Let r = 170 - -657. What is the hundreds digit of r?
8
What is the hundreds digit of -3 + 64/20 - 364176/(-120)?
0
Suppose -2*j - 3*r + 17 = -48, -43 = -j - 5*r. What is the units digit of j?
8
Let c = -1500 + 2386. What is the hundreds digit of c?
8
What is the hundreds digit of 12/((10/(-39))/(-5))?
2
Let c = 2679 + -1434. What is the tens digit of c?
4
Suppose 0 = 2*w - 21 + 9. What is the units digit of (w - 0)*282/18?
4
Suppose -2*y + 3745 = 5*y. What is the tens digit of y?
3
Suppose 7 = 2*l + 1. Suppose 672 = l*x + 4*c - 2*c, -4*x + 900 = 4*c. Suppose x = 5*s + s. What is the units digit of s?
7
Let o(r) = 2*r + 12. Let k be o(3). Suppose -k*l + 6*l + 2496 = 0. What is the tens digit of l?
0
Let s = -39 + -138. What is the units digit of (-8 + 6)/(6/s)?
9
Let s = 199 - -143. What is the hundreds digit of s?
3
What is the tens digit of (-86534)/147*(-2 + (-3)/(-6))?
8
Let k be 524/(3/(-6)*4). Let v = k + 387. What is the tens digit of v?
2
Let m(i) = -i**2 + 10*i - 11. Let v be m(8). Suppose 2*x - 31 = v. What is the units digit of x?
8
Let m(y) be the third derivative of y**5/60 - y**4/24 - 2*y**3 - 7*y**2. Let n be m(5). Suppose -n*v + 3*v = -170. What is the units digit of v?
4
Suppose 6*s - 104 = 4*s. Suppose -2*a = -3*w + s, -3*w - 2*a + 0*a = -68. What is the tens digit of w?
2
Let o(c) = 29*c**2 + 35*c**2 - 3*c**2 - 1. Let w be o(1). Suppose 2*v = j + 24, -4*v - v + 4*j + w = 0. What is the units digit of v?
2
Let k = 33 - 29. Suppose -k*i + 24 + 44 = 0. What is the units digit of i?
7
Suppose 50*b = 49*b + 10. Suppose b*y = -233 + 2323. What is the hundreds digit of y?
2
Let l be 2/7 + (-288)/126. What is the tens digit of 19 - ((l - 2) + 8)?
1
Let y(i) = i**3 + 10*i**2 - 13*i - 15. Suppose s + 3*s = -4*w + 176, 132 = 3*s - 4*w. Suppose g - s = 5*g. What is the units digit of y(g)?
7
Let y(k) = k**3 + 34*k**2 + 115*k - 2. What is the thousands digit of y(-25)?
2
Let n(u) = -4*u - u**3 - 4*u + 17 - 10 - 3*u - 11*u**2. What is the units digit of n(-10)?
7
Suppose 0 = 4*o - o. Suppose o - 4 = -d. What is the units digit of 163/7 - d/14?
3
Let p = 20 + 175. What is the hundreds digit of p?
1
Suppose -3*a + 456 = -9*j + 10*j, -5*a = -15. What is the units digit of j?
7
Let o be (-2)/(-10) - -3*(-801)/15. Let l = o - -354. What is the units digit of l?
4
Let w be (-2)/(-8) + 19/4. Suppose -v + 21 = 6*v. Suppose -v*t - 6 + 161 = 4*h, t = w*h - 189. What is the units digit of h?
8
Let u = -48 + 34. Suppose 3*x - w = 1, 4*w + 18 = 4*x + 6*w. What is the tens digit of u/((-2)/(x + 0))?
1
Let k = 1408 - 944. Suppose -2*l - k = -4*l. Suppose 0 = -5*r + l + 13. What is the units digit of r?
9
Let w(t) = -t**3 + 17*t**2 + 15*t - 22. What is the tens digit of w(17)?
3
Let v = 151 + 801. What is the units digit of v?
2
Suppose -4*a = 0, 8*s = 12*s - 3*a - 808. What is the tens digit of s?
0
Suppose 10*m - 18378 = 4912. What is the thousands digit of m?
2
Let h(p) = 1 + 5 - 34*p**2 + 37*p**2 + p. What is the tens digit of h(-3)?
3
Suppose -3*i + 16*i = 7332. What is the hundreds digit of i?
5
Let j(y) = y**3 + 9*y**2 + 7*y + 9. Suppose 0 = -4*d + r + 12, 0 = -2*d - 2*d - 4*r - 8. Suppose d*c = -4, -c - 23 = 3*m - 0. What is the units digit of j(m)?
8
Let q(z) be the second derivative of -z**5/20 + z**4/2 - 5*z**3/6 + 3*z**2/2 - 6*z. Let d be q(5). Suppose 0 = -m - d*m + 48. What is the tens digit of m?
1
Let h = 29 + -12. Let m = h - -4. Let z = m - 1. What is the tens digit of z?
2
Suppose 2*u + o = 1092, 95 + 462 = u - 5*o. What is the hundreds digit of u?
5
Let s be (0 - 1) + (-1 - 13). Suppose 0 = 3*c - h - 57, c + 6 = 2*c + 4*h. Let x = s + c. What is the units digit of x?
3
Let d(g) = -49*g**3 + 1. Let q be (-1 + -13)/((-6)/(-3)). Let i = q - -6. What is the units digit of d(i)?
0
Suppose 5 = 5*v, -2*v - 343 = b - 4*b. Suppose b = -4*s + 547. What is the tens digit of s?
0
Let s(f) be the second derivative of f**7/1260 - f**6/360 - f**4/3 - 6*f. Let o(g) be the third derivative of s(g). What is the tens digit of o(3)?
1
Suppose 0 = 4*x + 3*v + 15, -2*x - 10 = 2*v - 0. Suppose x = 3*h + h. Suppose f - t - 36 = h, 0 = 4*f - f - 4*t - 108. What is the units digit of f?
6
Let i(g) = -g - 15. Let t be i(-18). Suppose -o - t = -32. What is the tens digit of o?
2
Suppose -4*b = 6*l - 2*l - 1068, -4*l + 3*b = -1033. What is the tens digit of l?
6
Suppose -475 = -16*c + 11*c. Suppose -5*l - 2*r + c = 3*r, 14 = l + 2*r. What is the units digit of l?
4
Let p = -437 + 514. What is the tens digit of p?
7
Let j = -302 + 921. What is the tens digit of j?
1
Let u(z) be the first derivative of z**6/360 + z**5/120 - z**4/4 - 4*z**3 + 5. Let w(t) be the third derivative of u(t). What is the units digit of w(-4)?
6
Let q = 29 - 24. Suppose 2*p + 8 = 0, 2*n + q*p - 241 = -n. What is the tens digit of n?
8
Let s(g) = 1029*g**2 + g - 8. What is the units digit of s(-2)?
6
Suppose 0 = -4*z + 5*w + 26, -4*z - 6*w + w = -6. Let q(d) = d**2 - 2*d + 3. What is the tens digit of q(z)?
1
What is the hundreds digit of (0 - 0) + -22 + 2021?
9
Let l = 574 + 7. Suppose 3*f = -4*r - 75 + 531, -f = 5*r - l. What is the tens digit of r?
1
Suppose 2*c + 3*c = -4*l + 16, -16 = -4*l + c. Suppose 0 = 2*z - 4*d + 30, -l*d - d + 95 = -5*z. Let k = -12 - z. What is the units digit of k?
1
Let g be (4/(-12))/(2/(-18)). Suppose c - 224 = 2*l + 3*c, -g*l - 4*c = 334. What is the tens digit of 7/35 - l/5?
2
Let n(r) = r**3 - 34*r**2 + r + 126. What is the units digit of n(34)?
0
Suppose -3*d = 15, 3*o + d = 2*d + 1601. What is the tens digit of o?
3
Suppose 0 + 12 = -3*x. What is the units digit of -2 + (-3 - (x - 5))?
4
Suppose y + 3*s - 93 = 0, 0*y + y - 4*s = 72. Suppose r = y - 19. What i